{"id":953,"date":"2021-02-01T14:58:49","date_gmt":"2021-02-01T14:58:49","guid":{"rendered":"https:\/\/mitliabsoewagmocht.at\/?post_type=product&#038;p=953"},"modified":"2025-12-29T07:08:02","modified_gmt":"2025-12-29T07:08:02","slug":"nadelgefilzter-grosser-hase-symbolbild","status":"publish","type":"product","link":"https:\/\/mitliabsoewagmocht.at\/?product=nadelgefilzter-grosser-hase-symbolbild","title":{"rendered":"Nadelgefilzter gro\u00dfer Hase (Symbolbild!)"},"content":{"rendered":"<p>Nadelgefilzter Hase aus \u00f6sterreichischer Bioschafwolle und Wolllocken.<\/p>\n<p>(Symbolbild!)<\/p>\n<p>Es handelt sich um Einzelst\u00fccke, die je nach Wunsch gefertigt werden. Die Fertigungsdauer betr\u00e4gt je nach Auftragslage ca. 1 Woche!<\/p>\n<p>Gr\u00f6sse: nach Wunsch<\/p>\n<p>Farbwunsch: bitte bei der Bestellung angeben!<\/p>\n<p>Preis je St\u00fcck ab 32 \u20ac (ca. 10 cm) &#8211; <em><strong>Angebot\/Preis bitte anfragen!\u00a0<\/strong><\/em><\/p>\n<p><em>(Hase am Symbolbild ca.30cm &#8211; 62 \u20ac)<\/em><\/p>\n<p>\u2013 \u2013 \u2013<\/p>\n<div class=\"woocommerce-tabs wc-tabs-wrapper\">\n<div id=\"tab-description\" class=\"woocommerce-Tabs-panel woocommerce-Tabs-panel--description panel entry-content wc-tab\" role=\"tabpanel\" aria-labelledby=\"tab-title-description\">\n<p><i>*Echte Handarbeit \u2013 daher k\u00f6nnen Farbe, Form und Gr\u00f6\u00dfe leicht variieren. Gr\u00f6\u00dfere St\u00fcckzahlen sind nur auf Bestellung m\u00f6glich. Falls ein Produkt aktuell nicht lagernd ist, geben wir Ihnen bei Nachproduktion rechtzeitig Bescheid bez\u00fcglich des Liefertermins.<\/i><\/p>\n<\/div>\n<\/div>\n<section class=\"related products\"><\/section>\n","protected":false},"excerpt":{"rendered":"<p>Nadelgefilzter gro\u00dfer Hase aus \u00f6sterreichischer Bioschafwolle und Wolllocken.<\/p>\n","protected":false},"featured_media":1637,"template":"","meta":[],"product_brand":[],"product_cat":[210],"product_tag":[35,38,41,49,118,119],"class_list":{"0":"post-953","1":"product","2":"type-product","3":"status-publish","4":"has-post-thumbnail","6":"product_cat-ostern","7":"product_tag-bioschafwolle","8":"product_tag-nadelfilzen","9":"product_tag-ostern","10":"product_tag-hase","11":"product_tag-ostereier","12":"product_tag-osterhase","14":"first","15":"onbackorder","16":"purchasable","17":"product-type-simple"},"acf":[],"_links":{"self":[{"href":"https:\/\/mitliabsoewagmocht.at\/index.php?rest_route=\/wp\/v2\/product\/953","targetHints":{"allow":["GET"]}}],"collection":[{"href":"https:\/\/mitliabsoewagmocht.at\/index.php?rest_route=\/wp\/v2\/product"}],"about":[{"href":"https:\/\/mitliabsoewagmocht.at\/index.php?rest_route=\/wp\/v2\/types\/product"}],"wp:featuredmedia":[{"embeddable":true,"href":"https:\/\/mitliabsoewagmocht.at\/index.php?rest_route=\/wp\/v2\/media\/1637"}],"wp:attachment":[{"href":"https:\/\/mitliabsoewagmocht.at\/index.php?rest_route=%2Fwp%2Fv2%2Fmedia&parent=953"}],"wp:term":[{"taxonomy":"product_brand","embeddable":true,"href":"https:\/\/mitliabsoewagmocht.at\/index.php?rest_route=%2Fwp%2Fv2%2Fproduct_brand&post=953"},{"taxonomy":"product_cat","embeddable":true,"href":"https:\/\/mitliabsoewagmocht.at\/index.php?rest_route=%2Fwp%2Fv2%2Fproduct_cat&post=953"},{"taxonomy":"product_tag","embeddable":true,"href":"https:\/\/mitliabsoewagmocht.at\/index.php?rest_route=%2Fwp%2Fv2%2Fproduct_tag&post=953"}],"curies":[{"name":"wp","href":"https:\/\/api.w.org\/{rel}","templated":true}]}}