{"id":2421,"date":"2025-05-16T06:41:33","date_gmt":"2025-05-16T06:41:33","guid":{"rendered":"https:\/\/mitliabsoewagmocht.at\/?post_type=product&#038;p=2421"},"modified":"2025-12-29T08:23:23","modified_gmt":"2025-12-29T08:23:23","slug":"handgefilzte-taschen-mit-vogelmotiv","status":"publish","type":"product","link":"https:\/\/mitliabsoewagmocht.at\/?product=handgefilzte-taschen-mit-vogelmotiv","title":{"rendered":"Handgefilzte Taschen mit Vogelmotiv"},"content":{"rendered":"<p><strong>Handgefilzte Taschen mit Vogelmotiv <\/strong>.. Innentasche ist mit einem Baumwollstoff ausgekleidet .. Tr\u00e4ger sind in der L\u00e4nge verstellbar.<\/p>\n<p>Motive: Buntspecht, Gimpel, Stieglitz, Blaumeise, Spatz, .. weitere gerne auf Anfrage!<\/p>\n<p>Bei der Bestellung bitte das Wunschmotiv angeben!<\/p>\n<p>Es werden keine gro\u00dfen St\u00fcckzahlen und erst je nach Auftrag gefertigt!<\/p>\n<p>Gr\u00f6sse: ca. A4<\/p>\n<p>100% Wolle &#8211; Handw\u00e4sche!<\/p>\n<p>&nbsp;<\/p>\n<p class=\"p1\"><span class=\"s1\">Die Fertigungsdauer richtete sich nach der jeweiligen Auftragslage!<\/span><\/p>\n<p>\u2013 \u2013 \u2013<\/p>\n<div class=\"woocommerce-tabs wc-tabs-wrapper\">\n<div id=\"tab-description\" class=\"woocommerce-Tabs-panel woocommerce-Tabs-panel--description panel entry-content wc-tab\" role=\"tabpanel\" aria-labelledby=\"tab-title-description\">\n<p><i>*Echte Handarbeit \u2013 daher k\u00f6nnen Farbe, Form und Gr\u00f6\u00dfe leicht variieren. Gr\u00f6\u00dfere St\u00fcckzahlen sind nur auf Bestellung m\u00f6glich. Falls ein Produkt aktuell nicht lagernd ist, geben wir Ihnen bei Nachproduktion rechtzeitig Bescheid bez\u00fcglich des Liefertermins.<\/i><\/p>\n<\/div>\n<\/div>\n<section class=\"related products\"><\/section>\n","protected":false},"excerpt":{"rendered":"<p><strong>Handgefilzte Taschen mit Vogelmotiv <\/strong>.. Innentasche ist mit einem Baumwollstoff ausgekleidet .. Tr\u00e4ger sind in der L\u00e4nge verstellbar.<\/p>\n","protected":false},"featured_media":2422,"template":"","meta":[],"product_brand":[],"product_cat":[243],"product_tag":[124,193,261,262,35,81],"class_list":{"0":"post-2421","1":"product","2":"type-product","3":"status-publish","4":"has-post-thumbnail","6":"product_cat-taschen-patschen-sitzfleckerl-nassgefilztes","7":"product_tag-einzelstueck","8":"product_tag-handgefilzt","9":"product_tag-beutel","10":"product_tag-vogelmotiv","11":"product_tag-bioschafwolle","12":"product_tag-tasche","14":"first","15":"onbackorder","16":"purchasable","17":"product-type-simple"},"acf":[],"_links":{"self":[{"href":"https:\/\/mitliabsoewagmocht.at\/index.php?rest_route=\/wp\/v2\/product\/2421","targetHints":{"allow":["GET"]}}],"collection":[{"href":"https:\/\/mitliabsoewagmocht.at\/index.php?rest_route=\/wp\/v2\/product"}],"about":[{"href":"https:\/\/mitliabsoewagmocht.at\/index.php?rest_route=\/wp\/v2\/types\/product"}],"wp:featuredmedia":[{"embeddable":true,"href":"https:\/\/mitliabsoewagmocht.at\/index.php?rest_route=\/wp\/v2\/media\/2422"}],"wp:attachment":[{"href":"https:\/\/mitliabsoewagmocht.at\/index.php?rest_route=%2Fwp%2Fv2%2Fmedia&parent=2421"}],"wp:term":[{"taxonomy":"product_brand","embeddable":true,"href":"https:\/\/mitliabsoewagmocht.at\/index.php?rest_route=%2Fwp%2Fv2%2Fproduct_brand&post=2421"},{"taxonomy":"product_cat","embeddable":true,"href":"https:\/\/mitliabsoewagmocht.at\/index.php?rest_route=%2Fwp%2Fv2%2Fproduct_cat&post=2421"},{"taxonomy":"product_tag","embeddable":true,"href":"https:\/\/mitliabsoewagmocht.at\/index.php?rest_route=%2Fwp%2Fv2%2Fproduct_tag&post=2421"}],"curies":[{"name":"wp","href":"https:\/\/api.w.org\/{rel}","templated":true}]}}