{"id":1880,"date":"2024-09-02T06:25:47","date_gmt":"2024-09-02T06:25:47","guid":{"rendered":"https:\/\/mitliabsoewagmocht.at\/?post_type=product&#038;p=1880"},"modified":"2025-12-26T17:34:36","modified_gmt":"2025-12-26T17:34:36","slug":"nadel-kissen-vergiss-es-nicht-kissen","status":"publish","type":"product","link":"https:\/\/mitliabsoewagmocht.at\/?product=nadel-kissen-vergiss-es-nicht-kissen","title":{"rendered":"Nadel-Kissen \/ &#8222;Vergiss es nicht&#8220;-Kissen"},"content":{"rendered":"<p>&#8222;Nadel&#8220;-Kissen &amp; &#8222;Vergiss es nicht&#8220;-Kissen<\/p>\n<p>.. schreib auf was du nicht vergessen willst \ud83d\ude09<\/p>\n<p>&#8230; aus \u00f6sterreichischer Bioschafwolle und Handgedrechselt.<\/p>\n<p>Gr\u00f6\u00dfe: ca. 8-9 cm<\/p>\n<p>Bitte den jeweiligen Farbwunsch mit angeben!<\/p>\n<p>Preis je St\u00fcck<\/p>\n<p>&#8211; &#8211; &#8211;<\/p>\n<p><i>*Echte Handarbeit \u2013 daher k\u00f6nnen Farbe, Form und Gr\u00f6\u00dfe leicht variieren. Gr\u00f6\u00dfere St\u00fcckzahlen sind nur auf Bestellung m\u00f6glich. Falls ein Produkt aktuell nicht lagernd ist, geben wir Ihnen bei Nachproduktion rechtzeitig Bescheid bez\u00fcglich des Liefertermins.<\/i><\/p>\n<p>&nbsp;<\/p>\n","protected":false},"excerpt":{"rendered":"<p>&#8222;Nadel&#8220;-Kissen &amp; &#8222;Vergiss es nicht&#8220;-Kissen<\/p>\n<p>.. schreib auf was du nicht vergessen willst \ud83d\ude09<\/p>\n<p>Aus \u00f6sterreichischer Bioschafwolle.<\/p>\n<p>&nbsp;<\/p>\n<p>&nbsp;<\/p>\n","protected":false},"featured_media":1881,"template":"","meta":[],"product_brand":[],"product_cat":[16],"product_tag":[35,38,72,84,227,30],"class_list":{"0":"post-1880","1":"product","2":"type-product","3":"status-publish","4":"has-post-thumbnail","6":"product_cat-nadelgefilzte-kleinigkeiten","7":"product_tag-bioschafwolle","8":"product_tag-nadelfilzen","9":"product_tag-dekoration","10":"product_tag-nadelkissen","11":"product_tag-vergiss-es-nicht-kissen","12":"product_tag-filzkunst","14":"first","15":"instock","16":"purchasable","17":"product-type-simple"},"acf":[],"_links":{"self":[{"href":"https:\/\/mitliabsoewagmocht.at\/index.php?rest_route=\/wp\/v2\/product\/1880","targetHints":{"allow":["GET"]}}],"collection":[{"href":"https:\/\/mitliabsoewagmocht.at\/index.php?rest_route=\/wp\/v2\/product"}],"about":[{"href":"https:\/\/mitliabsoewagmocht.at\/index.php?rest_route=\/wp\/v2\/types\/product"}],"wp:featuredmedia":[{"embeddable":true,"href":"https:\/\/mitliabsoewagmocht.at\/index.php?rest_route=\/wp\/v2\/media\/1881"}],"wp:attachment":[{"href":"https:\/\/mitliabsoewagmocht.at\/index.php?rest_route=%2Fwp%2Fv2%2Fmedia&parent=1880"}],"wp:term":[{"taxonomy":"product_brand","embeddable":true,"href":"https:\/\/mitliabsoewagmocht.at\/index.php?rest_route=%2Fwp%2Fv2%2Fproduct_brand&post=1880"},{"taxonomy":"product_cat","embeddable":true,"href":"https:\/\/mitliabsoewagmocht.at\/index.php?rest_route=%2Fwp%2Fv2%2Fproduct_cat&post=1880"},{"taxonomy":"product_tag","embeddable":true,"href":"https:\/\/mitliabsoewagmocht.at\/index.php?rest_route=%2Fwp%2Fv2%2Fproduct_tag&post=1880"}],"curies":[{"name":"wp","href":"https:\/\/api.w.org\/{rel}","templated":true}]}}