{"id":1396,"date":"2022-10-16T07:57:33","date_gmt":"2022-10-16T07:57:33","guid":{"rendered":"https:\/\/mitliabsoewagmocht.at\/?post_type=product&#038;p=1396"},"modified":"2025-03-24T07:10:55","modified_gmt":"2025-03-24T07:10:55","slug":"handgefilzte-flaschenhuelle-mit-kleiner-glasflasche","status":"publish","type":"product","link":"https:\/\/mitliabsoewagmocht.at\/?product=handgefilzte-flaschenhuelle-mit-kleiner-glasflasche","title":{"rendered":"Handgefilzte Flaschenh\u00fclle mit kleiner Glasflasche"},"content":{"rendered":"<p>Handgefilzte Flaschenh\u00fclle mit kleiner Glasflasche (1\/2 Liter) aus \u00f6sterreichischer Schafwolle.<\/p>\n<p>Bitte bei der Bestellung die gew\u00fcnschte Farbe angeben!<\/p>\n<ul>\n<li>Gr\u00fcn<\/li>\n<li>Grau<\/li>\n<\/ul>\n<p>H\u00f6he: ca. 15 cm<\/p>\n<p>Preis je St\u00fcck.<\/p>\n<p class=\"p1\"><span class=\"s1\">Die Fertigungsdauer richtete sich nach der jeweiligen Auftragslage!<\/span><\/p>\n<p>\u2013 \u2013 \u2013<\/p>\n<p><i>*Echte Handarbeit \u2013 Farbe, Form und Gr\u00f6\u00dfe kann etwas variieren! Gro\u00dfe St\u00fcckzahlen nur auf Bestellung! Da es sein kann, das ein Produkt derzeit\u00a0nicht lagernd ist, geben wir bei Nachproduktion Bescheid wegen dem Liefertermin!<\/i><\/p>\n","protected":false},"excerpt":{"rendered":"<p>Nadelgefilzter Gr\u00fcnfink aus \u00f6sterreichischer Schafwolle und Merinowolle.<\/p>\n","protected":false},"featured_media":1397,"template":"","meta":[],"product_brand":[],"product_cat":[243],"product_tag":[35,124,174,175],"class_list":{"0":"post-1396","1":"product","2":"type-product","3":"status-publish","4":"has-post-thumbnail","6":"product_cat-taschen-patschen-sitzfleckerl-nassgefilztes","7":"product_tag-bioschafwolle","8":"product_tag-einzelstueck","9":"product_tag-handgefilzte-flaschenhuelle","10":"product_tag-flasche","12":"first","13":"onbackorder","14":"purchasable","15":"product-type-simple"},"acf":[],"_links":{"self":[{"href":"https:\/\/mitliabsoewagmocht.at\/index.php?rest_route=\/wp\/v2\/product\/1396","targetHints":{"allow":["GET"]}}],"collection":[{"href":"https:\/\/mitliabsoewagmocht.at\/index.php?rest_route=\/wp\/v2\/product"}],"about":[{"href":"https:\/\/mitliabsoewagmocht.at\/index.php?rest_route=\/wp\/v2\/types\/product"}],"wp:featuredmedia":[{"embeddable":true,"href":"https:\/\/mitliabsoewagmocht.at\/index.php?rest_route=\/wp\/v2\/media\/1397"}],"wp:attachment":[{"href":"https:\/\/mitliabsoewagmocht.at\/index.php?rest_route=%2Fwp%2Fv2%2Fmedia&parent=1396"}],"wp:term":[{"taxonomy":"product_brand","embeddable":true,"href":"https:\/\/mitliabsoewagmocht.at\/index.php?rest_route=%2Fwp%2Fv2%2Fproduct_brand&post=1396"},{"taxonomy":"product_cat","embeddable":true,"href":"https:\/\/mitliabsoewagmocht.at\/index.php?rest_route=%2Fwp%2Fv2%2Fproduct_cat&post=1396"},{"taxonomy":"product_tag","embeddable":true,"href":"https:\/\/mitliabsoewagmocht.at\/index.php?rest_route=%2Fwp%2Fv2%2Fproduct_tag&post=1396"}],"curies":[{"name":"wp","href":"https:\/\/api.w.org\/{rel}","templated":true}]}}