{"id":1171,"date":"2021-10-12T13:41:38","date_gmt":"2021-10-12T13:41:38","guid":{"rendered":"https:\/\/mitliabsoewagmocht.at\/?post_type=product&#038;p=1171"},"modified":"2026-01-08T10:52:36","modified_gmt":"2026-01-08T10:52:36","slug":"gefilzte-handpuppe-frosch","status":"publish","type":"product","link":"https:\/\/mitliabsoewagmocht.at\/?product=gefilzte-handpuppe-frosch","title":{"rendered":"Gefilzte Handpuppen"},"content":{"rendered":"<p><strong>Handgefilzte einfache Handpuppen aus \u00f6sterreichischer Schafwolle.<\/strong><\/p>\n<p>Die Handpuppen gibt es in verschiedenen Varianten. Bitte das gew\u00fcnschte Tier bei der Bestellung mit angeben.<\/p>\n<p>Frosch &#8211; Gr\u00fcnes Monsterchen &#8211; Biene &#8211; Hausgeist &#8211; Bunter Vogel (Farbe angeben! z.B. Rot,..) &#8211; Feuersalamander &#8211; Rabe &#8211; Marienk\u00e4fer &#8211; oder ihr Wunschtier !<\/p>\n<p>100% Schafwolle &#8211; Handw\u00e4sche!<\/p>\n<p>Gr\u00f6sse: ca. 28 cm<\/p>\n<p>Preis je St\u00fcck!<\/p>\n<p>\u2013 \u2013 \u2013<\/p>\n<div class=\"woocommerce-tabs wc-tabs-wrapper\">\n<div id=\"tab-description\" class=\"woocommerce-Tabs-panel woocommerce-Tabs-panel--description panel entry-content wc-tab\" role=\"tabpanel\" aria-labelledby=\"tab-title-description\">\n<p><i>*Echte Handarbeit \u2013 daher k\u00f6nnen Farbe, Form und Gr\u00f6\u00dfe leicht variieren. Gr\u00f6\u00dfere St\u00fcckzahlen sind nur auf Bestellung m\u00f6glich. Falls ein Produkt aktuell nicht lagernd ist, geben wir Ihnen bei Nachproduktion rechtzeitig Bescheid bez\u00fcglich des Liefertermins.<\/i><\/p>\n<\/div>\n<\/div>\n<section class=\"related products\"><\/section>\n","protected":false},"excerpt":{"rendered":"<p><strong>Handgefilzte einfache Handpuppen aus \u00f6sterreichischer Schafwolle.<\/strong><\/p>\n<p>Die Handpuppen gibt es in verschiedenen Varianten. Bitte das gew\u00fcnschte Tier bei der Bestellung mit angeben.<\/p>\n<p>&nbsp;<\/p>\n","protected":false},"featured_media":1623,"template":"","meta":[],"product_brand":[],"product_cat":[244,198],"product_tag":[35,112,124,129,146],"class_list":{"0":"post-1171","1":"product","2":"type-product","3":"status-publish","4":"has-post-thumbnail","6":"product_cat-finger-handpuppen","7":"product_cat-weihnachten-und-weihnachtszeit","8":"product_tag-bioschafwolle","9":"product_tag-frosch","10":"product_tag-einzelstueck","11":"product_tag-nassfilzen","12":"product_tag-handpuppe","14":"first","15":"onbackorder","16":"purchasable","17":"product-type-simple"},"acf":[],"_links":{"self":[{"href":"https:\/\/mitliabsoewagmocht.at\/index.php?rest_route=\/wp\/v2\/product\/1171","targetHints":{"allow":["GET"]}}],"collection":[{"href":"https:\/\/mitliabsoewagmocht.at\/index.php?rest_route=\/wp\/v2\/product"}],"about":[{"href":"https:\/\/mitliabsoewagmocht.at\/index.php?rest_route=\/wp\/v2\/types\/product"}],"wp:featuredmedia":[{"embeddable":true,"href":"https:\/\/mitliabsoewagmocht.at\/index.php?rest_route=\/wp\/v2\/media\/1623"}],"wp:attachment":[{"href":"https:\/\/mitliabsoewagmocht.at\/index.php?rest_route=%2Fwp%2Fv2%2Fmedia&parent=1171"}],"wp:term":[{"taxonomy":"product_brand","embeddable":true,"href":"https:\/\/mitliabsoewagmocht.at\/index.php?rest_route=%2Fwp%2Fv2%2Fproduct_brand&post=1171"},{"taxonomy":"product_cat","embeddable":true,"href":"https:\/\/mitliabsoewagmocht.at\/index.php?rest_route=%2Fwp%2Fv2%2Fproduct_cat&post=1171"},{"taxonomy":"product_tag","embeddable":true,"href":"https:\/\/mitliabsoewagmocht.at\/index.php?rest_route=%2Fwp%2Fv2%2Fproduct_tag&post=1171"}],"curies":[{"name":"wp","href":"https:\/\/api.w.org\/{rel}","templated":true}]}}